uppose 1264 = 4*p - 6*l + 5*l, -p + 4*l = -331. Let k(f) = -f - 4. Let y be k(-7). Suppose y*r = -3*a + 59 + 103, 5*a = 4*r + p. What is the tens digit of a?
5
Let k(o) = -o**2 - 13*o + 9. Let r be (-9)/3*(-28)/(-6). Let a be k(r). Let j(b) = -b**3 - 5*b**2 - b. What is the units digit of j(a)?
5
Suppose 5*s - 21 - 4 = 0. Suppose -168 = -s*p + 2*w + 171, -p + 2*w + 63 = 0. What is the tens digit of p?
6
Suppose 5*n - 7552 = -1352. Suppose 0 = -9*v + v + n. What is the hundreds digit of v?
1
Let m(y) = y**3 + 10*y**2 + y + 12. Let t be m(-8). Suppose t = 16*f - 10*f. What is the tens digit of f?
2
Suppose -2*h - 3*h + 1458 = x, 4*x + 884 = 3*h. Suppose 2*j = -22 + h. What is the hundreds digit of j?
1
What is the tens digit of 3015/20 + (7/(-4) - -2)?
5
What is the thousands digit of 22 + (-1048)/48 - (-51298)/12?
4
Suppose -5*c + 78 = 18. Suppose c*o - 2351 = -143. What is the units digit of o?
4
Let f(j) = j**3 - 5*j**2 + 4. Let i be f(5). Suppose 109 = r + 41. Suppose -3*s + 51 = -5*h, 0*s = i*s - 4*h - r. What is the units digit of s?
7
Suppose 2*j = -2*l + 542, 0 = 4*j - 55*l + 53*l - 1096. What is the units digit of j?
3
Let l(q) = -9*q + 6. What is the tens digit of l(-20)?
8
Suppose 18 = -20*h + 21*h. Let c = 44 + h. What is the units digit of c?
2
Let a = 95 - 90. Suppose -a*h = -3 - 7, 2*h - 184 = -2*w. What is the units digit of w?
0
Suppose -86*b + 99*b = 7969. What is the hundreds digit of b?
6
Suppose 20*r - 352800 = -52*r. What is the thousands digit of r?
4
Let o = 180 - 138. Suppose 7*q - 6*q = o. What is the units digit of q?
2
Let r(p) = 48*p**2 - 4*p - 6. Let w be ((-4)/(-10))/2 + 286/(-130). What is the units digit of r(w)?
4
Let x = 1018 - 607. What is the units digit of x?
1
Let t(w) be the first derivative of 1/3*w**3 - 8 + 0*w - 1/2*w**2. What is the units digit of t(-1)?
2
Let q = 118 - 71. Let u = q - -53. What is the tens digit of u?
0
Let w(k) = -2*k**3 - 17*k**2 - 14*k - 41. Let b be w(-8). Let r(l) = 2*l + 2 + 1 - 1. What is the tens digit of r(b)?
1
Let s(p) = -2*p**2 + 7*p. Let h be s(3). Let f(i) = -10*i + 3. Let z be f(h). What is the units digit of z/(-2) + (-6)/12?
3
What is the hundreds digit of ((-4)/(-10))/(17/119935)?
8
What is the tens digit of ((-992)/6)/(-8)*3?
6
Let n(g) be the second derivative of g**5/10 - g**4/6 - g**3/6 - g**2 + 6*g. Let o be n(2). Suppose -o*c - 45 = -7*c. What is the units digit of c?
5
Suppose 5*q - 14 = -49. Let v = 11 + q. Suppose -v*o + 5*a + 131 = -o, -4*a = 5*o - 243. What is the tens digit of o?
4
Let y be (2/8)/(8/224). Let c be 17 + 3 - (y - 3). Suppose 7 + c = w. What is the tens digit of w?
2
Suppose 0 = 3*d - 5*d + 544. Suppose 5*b - 264 - 44 = -4*o, -4*o + 4*b + d = 0. What is the units digit of o?
2
Let d = -14 + 12. What is the units digit of (254 - 9) + d*2?
1
Suppose 0 = 2*a - 5*k - 64, -2*a + 0*k = -2*k - 64. Suppose -28 = 4*z - a. What is the units digit of z?
1
Suppose 16 = 2*o - 6*o, 4*f + 4*o - 32 = 0. Let q = f + -11. What is the units digit of q?
1
Suppose -5*i = -2*s + 851, -4*i = 4*s - 735 - 897. What is the hundreds digit of s?
4
Suppose 0 = 5*n + g + g - 162, n + 2*g = 26. Suppose -2*l - n = -2*t, 5*l + 66 + 6 = 4*t. What is the units digit of t?
3
Let l(a) = 25*a - 20. Suppose -19*v = -18*v - 4. What is the units digit of l(v)?
0
Let l(a) = -a**2 + 12*a + 3. Let y be l(13). What is the units digit of ((-340)/(-25))/((-4)/y)?
4
Suppose -33*k - 687 = -36*k. What is the tens digit of k?
2
Suppose 4*v + 0 = -60. Let q be (-57)/v + (-1)/(-5). Suppose -q - 8 = -h. What is the units digit of h?
2
Let j be (1 + -3)*6/(-4). Suppose m + j*l = -6, -4*m + 2*l = 7*l + 3. Suppose -3*z + 5*r = m*r - 149, -237 = -4*z - 5*r. What is the tens digit of z?
5
What is the hundreds digit of (41566/(-12))/(-7) - (-4)/24?
4
Let w(h) = 2*h**2 - 9*h + 39. What is the tens digit of w(-13)?
9
Let n(l) = -94*l - 67. What is the tens digit of n(-6)?
9
Let b(i) = -2*i - 14. Let w be b(-4). What is the units digit of (-1836)/(-15) - w/10?
3
Let b = -67 - -67. Suppose b = 14*k - 11*k - 243. What is the units digit of k?
1
Let y(h) = 294*h**2 - 13*h + 21. What is the units digit of y(3)?
8
Let i = 1988 + -407. What is the hundreds digit of i?
5
Let r be (-2 - (-24)/7)*7. Suppose -5*g + 20 + 10 = -3*s, 2*s - r = 0. What is the units digit of g?
9
Suppose 24 = -0*b - b - 3*r, -5*b - r = 120. What is the tens digit of ((-1)/(b/(-136)))/(1/(-3))?
1
Suppose 3*n = -6 - 0. Let f be (n - (-2)/(-6))*3. Let i = 16 + f. What is the units digit of i?
9
Let y(m) be the second derivative of m**5/20 + 5*m**3/6 - 11*m**2/2 - 24*m. What is the tens digit of y(3)?
3
What is the thousands digit of 104/(-78) - (-12036)/9?
1
Suppose -4*s = -738 - 250. Let f(w) = -w**3 + 8*w**2 - 8*w + 12. Let q be f(7). Suppose s - 37 = q*n. What is the units digit of n?
2
Let u(q) = -q**3 - 4*q**2 + 2*q + 1574. What is the hundreds digit of u(0)?
5
Suppose 5*y - 14 = 2*x, 1 = x - 2. Suppose -3*h + 4 - 40 = k, 2*k = -y*h - 80. Let w = -19 - k. What is the tens digit of w?
2
Let u(k) = k + 9. Let j be u(-4). Suppose j*c + 33 = -2. Let x(w) = -5*w + 2. What is the tens digit of x(c)?
3
Suppose 0 = -0*d + 2*d - 236. What is the units digit of (-2 - 1 - -3) + d?
8
What is the tens digit of (157/2)/((-5)/(-10))?
5
Let x = 679 - 115. What is the tens digit of x?
6
Let l = -49 - -53. Suppose 3*r - 3*x - 164 = 310, 638 = l*r - 2*x. What is the tens digit of r?
6
Let p be -1 + -4 + (3 - -1). Let o(q) = -4*q**3 - 2*q**2 + 1. What is the units digit of o(p)?
3
Let w = 3388 - 1541. What is the units digit of w?
7
Let b(v) = v**3 - 10*v**2 - 32*v + 20. What is the hundreds digit of b(14)?
3
Suppose -3932 - 1144 = -4*d. What is the tens digit of d?
6
Let y = 21 - 19. Suppose 4*k = -3*d + 39 + 61, -y*d + 4*k + 60 = 0. What is the units digit of d?
2
What is the tens digit of 57811/91 + 2/(-7)?
3
Suppose -d + 2*m + 28 = 0, 4*d - 52 = -3*m + 27. Let c = d + -17. Suppose 0*l - l = k - 24, 2*l = -c*k + 36. What is the units digit of l?
8
Let y = -30 - -18. Let t = -28 - y. What is the tens digit of ((-81)/(-12))/((-6)/t)?
1
Suppose -188*a + 189*a - 275 = 0. What is the units digit of a?
5
Let d = -17 - -29. Suppose 0*i - i + d = -3*f, 4*i = -3*f + 108. Suppose -3*z - i = -o, -o - z + 48 = o. What is the units digit of o?
4
Let h(j) = 124*j - 9. Let b be h(5). Suppose 2*g + 2*c = 250, c + b = 5*g - c. What is the tens digit of g?
2
Let s(k) = 230*k - 473. What is the thousands digit of s(24)?
5
Suppose 0 = -4*x - 2*h + 2506, -2*h - 1209 - 667 = -3*x. What is the hundreds digit of x?
6
Suppose -4*s + 4*w + 22420 = 0, 2*s - 8*w = -7*w + 11213. What is the hundreds digit of s?
6
Let u(f) = 5*f**2 + 3*f + 6. Let j(m) = m**2 - m - 1. Let d(h) = 6*j(h) - u(h). Let b(g) = -g**2 - 10*g - 9. Let r be b(-7). What is the tens digit of d(r)?
2
What is the units digit of (636/(-742))/(3/(-14))?
4
What is the thousands digit of -6 + (2 + 1)*34600/60?
1
Let j(p) = -p**2 + 10*p - 9. Let q be j(13). Let x = -9 - q. What is the units digit of x?
9
Suppose -4*o - 5*p + 9785 = 0, 11*p = -3*o + 12*p + 7334. What is the thousands digit of o?
2
Let q(f) = 2*f**2 - 23*f + 8. Let r be q(15). What is the units digit of -6*(0 + (-1)/3)*r?
6
Let j be ((-168)/(-16))/((-2 - -1)/(-8)). Suppose 2*k = 2*v + j, 5*v + 6 = 31. What is the tens digit of k?
4
What is the units digit of (-540)/(-50) + 1/5?
1
Let t(c) = -c**3 + 17*c**2 - 11*c - 5. What is the hundreds digit of t(13)?
5
Suppose 5*v + 2*q - 689 = 0, 2*q = 4*v - 8*v + 550. Suppose v = -3*l + 667. What is the units digit of l?
6
Let k = 1105 + -758. Let w = k + -54. What is the tens digit of w?
9
Let q = 202 + -360. What is the hundreds digit of 3 - 30/5 - q?
1
Let g(d) be the third derivative of d**6/120 + d**5/30 + d**4/24 - d**3/3 - d**2. Let v be g(-3). Let k = v - -42. What is the units digit of k?
8
Let o be 1*(3 - -2)*2. Let w(x) = 13*x - 27. Let n(f) = -23*f + 53. Let l(u) = 4*n(u) + 7*w(u). What is the tens digit of l(o)?
1
Suppose 0 = -2*l + 3*n - 1 - 34, -2*l - 4*n = 70. Let z be 12/(-2) + (1 - 0). What is the units digit of z - l - (-1 - -3)?
8
Suppose 8*h - 2*h - 180 = 0. Let y = h + -25. Suppose -101 = -y*g + 149. What is the units digit of g?
0
Suppose 2*z - 2 = 0, -4*f - 5*z + 15 = f. Suppose 3*g